{"id":137,"date":"2018-10-09T10:03:12","date_gmt":"2018-10-09T10:03:12","guid":{"rendered":"http:\/\/newsite.fit-kid.pl\/?page_id=137"},"modified":"2024-09-03T20:11:59","modified_gmt":"2024-09-03T18:11:59","slug":"home","status":"publish","type":"page","link":"https:\/\/newsite.fit-kid.pl\/","title":{"rendered":"Home"},"content":{"rendered":"\n\n\t\t\t\t<img decoding=\"async\" src=\"https:\/\/newsite.fit-kid.pl\/wp-content\/uploads\/2024\/07\/fitkid-header-03.png\" alt=\"fitkid-header-03\" itemprop=\"image\"\/>\n\t<h2>\n\t\t\t\t\t<strong>nasza oferta<\/strong>\n\t\t\t\t<\/h2>\n\t\t\t<p>Zapraszamy serdecznie do zapoznania si\u0119 z ofert\u0105 Gimnastyki Korekcyjnej Fit-Kid.<\/p>\n\t\t\t\t<img decoding=\"async\" src=\"https:\/\/newsite.fit-kid.pl\/wp-content\/uploads\/2018\/10\/yoga6-free-img.png\" alt=\"yoga6-free-img.png\" itemprop=\"image\"\/>\n\t<h4>\n\t\t\t\t\t<strong>Gimnastyka korekcyjna<\/strong>\n\t\t\t\t<\/h4>\n\t\t\t<p>Zajmujemy si\u0119 rehabilitacj\u0105 oraz profilaktyk\u0105 wad postawy u dzieci i m\u0142odzie\u017cy.<\/p>\n\t\t\t\t<img decoding=\"async\" src=\"https:\/\/newsite.fit-kid.pl\/wp-content\/uploads\/2018\/10\/yoga4-free-img.png\" alt=\"yoga4-free-img.png\" itemprop=\"image\"\/>\n\t<h4>\n\t\t\t\t\t<strong>Balet<\/strong>\n\t\t\t\t<\/h4>\n\t\t\t<p>Taniec to najprzyjemniejszy spos\u00f3b dbania o sylwetk\u0119 i nasze zdrowie ka\u017cdego dnia.<\/p>\n\t\t\t\t<img decoding=\"async\" src=\"https:\/\/newsite.fit-kid.pl\/wp-content\/uploads\/2018\/10\/yoga1-free-img.png\" alt=\"yoga1-free-img.png\" itemprop=\"image\"\/>\n\t<h4>\n\t\t\t\t\t<strong>Gimnastyka sportowa<\/strong>\n\t\t\t\t<\/h4>\n\t\t\t<p>Gimnastyka sportowa rozwija podstawowe zdolno\u015bci motoryczne dzieci, w tym wytrzyma\u0142o\u015b\u0107 i szybko\u015b\u0107.<\/p>\n\t\t\t\t<img decoding=\"async\" src=\"https:\/\/newsite.fit-kid.pl\/wp-content\/uploads\/2024\/09\/icon-02.png\" alt=\"icon-02\" itemprop=\"image\"\/>\n\t<h4>\n\t\t\t\t\t<strong>Trening personalny<\/strong>\n\t\t\t\t<\/h4>\n\t\t\t<p>Trening jest prowadzony przez wykwalifikowanego Instruktora, Trenera Personalnego.<\/p>\n\t\t\t\t<img decoding=\"async\" src=\"https:\/\/newsite.fit-kid.pl\/wp-content\/uploads\/2024\/09\/icon-01.png\" alt=\"icon-01\" itemprop=\"image\"\/>\n\t<h4>\n\t\t\t\t\t<strong>Zdrowy kr\u0119gos\u0142up<\/strong>\n\t\t\t\t<\/h4>\n\t\t\t<p>Ten program \u0107wicze\u0144 polecany dla ka\u017cdego bez wzgl\u0119du na wiek czy poziom aktywno\u015bci fizycznej.<\/p>\n\t\t\t\t<img decoding=\"async\" src=\"https:\/\/newsite.fit-kid.pl\/wp-content\/uploads\/2024\/09\/icon-03.png\" alt=\"icon-03\" itemprop=\"image\"\/>\n\t<h4>\n\t\t\t\t\t<strong>Sensoplastyka<\/strong>\n\t\t\t\t<\/h4>\n\t\t\t<p>To zaj\u0119cia rozwojowe dla dzieci, kt\u00f3ra opiera si\u0119 wy\u0142\u0105cznie na wykorzystaniu bezpiecznych produkt\u00f3w spo\u017cywczych.<\/p>\n\t\t\t\t<img decoding=\"async\" src=\"https:\/\/newsite.fit-kid.pl\/wp-content\/uploads\/2024\/07\/fitkid-header-03.png\" alt=\"fitkid-header-03\" itemprop=\"image\"\/>\n\t<h2>\n\t\t\t\t\t<strong>Partnerzy Fit-Kid<\/strong>\n\t\t\t\t<\/h2>\n\t\t\t<p>Dzi\u0119ki wsp\u00f3\u0142pracy z naszymi Partnerami, Fit-Kid realizuje wiele dzia\u0142a\u0144, kt\u00f3re s\u0142u\u017c\u0105 poprawie zdrowia dzieci, m\u0142odzie\u017cy i doros\u0142ych.\u00a0<\/p>\n\t\t\t\t<img decoding=\"async\" src=\"https:\/\/newsite.fit-kid.pl\/wp-content\/uploads\/2021\/03\/business-awards.png\" alt=\"business-awards\" itemprop=\"image\"\/>\n\t\t\t\t<img decoding=\"async\" src=\"https:\/\/newsite.fit-kid.pl\/wp-content\/uploads\/2024\/07\/piwniczanka-logo-02.png\" alt=\"piwniczanka-logo-02\" itemprop=\"image\"\/>\n\t\t\t\t<img decoding=\"async\" src=\"https:\/\/newsite.fit-kid.pl\/wp-content\/uploads\/2021\/03\/cross-fit-logo.png\" alt=\"cross-fit-logo\" itemprop=\"image\"\/>\n\t<h2>\n\t\t\t\t\t<strong>Fit-Kid w liczbach<\/strong>\n\t\t\t\t<\/h2>\n\t\t\t<p>Nasza dzia\u0142alno\u015b\u0107 to lata do\u015bwiadcze\u0144, wielu zadowolonych Klient\u00f3w oraz wiele form treningowych do wyboru.<\/p>\n\t<h2>\n\t\t\t\t\t7\n\t\t\t\t<\/h2>\n\t<h5>\n\t\t\t\t\t<strong>Lat do\u015bwiadczenia<\/strong>\n\t\t\t\t<\/h5>\n\t<h2>\n\t\t\t\t\t900+\n\t\t\t\t<\/h2>\n\t<h5>\n\t\t\t\t\t<strong>Zadowolonych Klient\u00f3w<\/strong>\n\t\t\t\t<\/h5>\n\t<h2>\n\t\t\t\t\t12\n\t\t\t\t<\/h2>\n\t<h5>\n\t\t\t\t\t<strong>Form treningowych<\/strong>\n\t\t\t\t<\/h5>\n\t<h2>\n\t\t\t\t\tLetnia P\u00f3\u0142kolonia\n\t\t\t\t<\/h2>\n\t<p>Zbli\u017ca si\u0119 kolejne Letnia P\u00f3\u0142kolonia z Fit-Kid 2024, kt\u00f3ra i tym razem b\u0119dzie pe\u0142na niesamowitych atrakcji. Do wyboru 5 turnus\u00f3w i wiele niespodzianek, kt\u00f3re sprawi\u0105, \u017ce Wasze dzieciaki b\u0119d\u0105 zachwycone letnim wypoczynkiem z Fit-Kid.<\/p>\n<p>\u201eLetnia P\u00f3\u0142kolonia Sportowa 2024&#8243; z Fit-Kid odb\u0119dzie si\u0119 w pi\u0119ciu terminach do wyboru. Sprawd\u017a szczeg\u00f3\u0142y.<\/p>\n\t\t\t<a href=\"#\" target=\"_self\" role=\"button\" rel=\"noopener\">\n\t\t\t\t\t\tWi\u0119cej\n\t\t<\/a>\n\t<h2>\n\t\t\t\t\tNasi Klienci powiedzieli o nas\n\t\t\t\t<\/h2>\n<p>Gor\u0105co polecam gimnastyk\u0119 korekcyjn\u0105, prowadzon\u0105 przez Pana \u0141ukasza. Jestem bardzo zadowolona z efekt\u00f3w, jakie zauwa\u017cy\u0142am u swojego syna po wizytach w FitKid. Anielska cierpliwo\u015b\u0107, zaanga\u017cowanie, atmosfera, mi\u0142e nastawienie i wiele wi\u0119cej!<\/p>\n\t\t\t\t<img decoding=\"async\" src=\"https:\/\/newsite.fit-kid.pl\/wp-content\/uploads\/2024\/09\/awatar-01.png\" alt=\"awatar-01\" itemprop=\"image\"\/>\n\t<h5>\n\t\t\t\t\tAgnieszka Fetter-Kruczek\n\t\t\t\t<\/h5>\n<p>Serdecznie polecam,c\u00f3rka ucz\u0119szcza\u0142a na zaj\u0119cia z p\u0142askostopia na kt\u00f3re ch\u0119tnie chodzi\u0142a i efekty s\u0105 widoczne.Tak si\u0119 jej spodoba\u0142o to miejsce,\u017ce z niecierpliwo\u015bci\u0105 oczekuje pi\u0105tku, bo wtedy s\u0105 zaj\u0119cia zumby, kt\u00f3re uwielbia \ud83d\ude09 Sama si\u0119 skusi\u0142am na zaj\u0119cia trx i nie \u017ca\u0142uje. Mi\u0142y i profesjonalny personel. POLECAM W 100%.<\/p>\n\t\t\t\t<img decoding=\"async\" src=\"https:\/\/newsite.fit-kid.pl\/wp-content\/uploads\/2024\/09\/awatar-01.png\" alt=\"awatar-01\" itemprop=\"image\"\/>\n\t<h5>\n\t\t\t\t\tKinga Morzywo\u0142ek\n\t\t\t\t<\/h5>\n<p>Profesjonalna kadra, a przede wszystkim miejsce pe\u0142ne pozytywnej energii, dzi\u0119ki fantastycznym osobom, kt\u00f3re bez wysi\u0142ku w spos\u00f3b naturalny nawi\u0105zuj\u0105 wspania\u0142\u0105 wi\u0119\u017a z dzie\u0107mi. Nasze uczestnictwo w zaj\u0119ciach by\u0142o czyst\u0105 przyjemno\u015bci\u0105 i prac\u0105, kt\u00f3ra przynios\u0142a szybkie efekty. Polecam wszystkim poszukuj\u0105cym \u0107wicze\u0144 i poprawy zdrowia fizycznego dla swoich dzieci.<\/p>\n\t\t\t\t<img decoding=\"async\" src=\"https:\/\/newsite.fit-kid.pl\/wp-content\/uploads\/2024\/09\/awatar-01.png\" alt=\"awatar-01\" itemprop=\"image\"\/>\n\t<h5>\n\t\t\t\t\tKatarzyna Wilk\n\t\t\t\t<\/h5>\n\n","protected":false},"excerpt":{"rendered":"<p>nasza oferta Zapraszamy serdecznie do zapoznania si\u0119 z ofert\u0105 Gimnastyki Korekcyjnej Fit-Kid. Gimnastyka korekcyjna Zajmujemy si\u0119 rehabilitacj\u0105 oraz profilaktyk\u0105 wad postawy u dzieci i m\u0142odzie\u017cy. Balet Taniec to najprzyjemniejszy spos\u00f3b dbania o sylwetk\u0119 i nasze zdrowie ka\u017cdego dnia. Gimnastyka sportowa Gimnastyka sportowa rozwija podstawowe zdolno\u015bci motoryczne dzieci, w tym wytrzyma\u0142o\u015b\u0107 i szybko\u015b\u0107. Trening personalny Trening &hellip;<\/p>\n<p class=\"read-more\"> <a class=\"\" href=\"https:\/\/newsite.fit-kid.pl\/\"> <span class=\"screen-reader-text\">Home<\/span> Read More &raquo;<\/a><\/p>\n","protected":false},"author":1,"featured_media":0,"parent":0,"menu_order":0,"comment_status":"closed","ping_status":"closed","template":"","meta":{"site-sidebar-layout":"no-sidebar","site-content-layout":"page-builder","ast-site-content-layout":"","site-content-style":"default","site-sidebar-style":"default","ast-global-header-display":"","ast-banner-title-visibility":"","ast-main-header-display":"","ast-hfb-above-header-display":"","ast-hfb-below-header-display":"","ast-hfb-mobile-header-display":"","site-post-title":"disabled","ast-breadcrumbs-content":"","ast-featured-img":"disabled","footer-sml-layout":"","theme-transparent-header-meta":"default","adv-header-id-meta":"","stick-header-meta":"","header-above-stick-meta":"","header-main-stick-meta":"","header-below-stick-meta":"","astra-migrate-meta-layouts":"","footnotes":""},"class_list":["post-137","page","type-page","status-publish","hentry"],"_links":{"self":[{"href":"https:\/\/newsite.fit-kid.pl\/index.php?rest_route=\/wp\/v2\/pages\/137","targetHints":{"allow":["GET"]}}],"collection":[{"href":"https:\/\/newsite.fit-kid.pl\/index.php?rest_route=\/wp\/v2\/pages"}],"about":[{"href":"https:\/\/newsite.fit-kid.pl\/index.php?rest_route=\/wp\/v2\/types\/page"}],"author":[{"embeddable":true,"href":"https:\/\/newsite.fit-kid.pl\/index.php?rest_route=\/wp\/v2\/users\/1"}],"replies":[{"embeddable":true,"href":"https:\/\/newsite.fit-kid.pl\/index.php?rest_route=%2Fwp%2Fv2%2Fcomments&post=137"}],"version-history":[{"count":44,"href":"https:\/\/newsite.fit-kid.pl\/index.php?rest_route=\/wp\/v2\/pages\/137\/revisions"}],"predecessor-version":[{"id":629,"href":"https:\/\/newsite.fit-kid.pl\/index.php?rest_route=\/wp\/v2\/pages\/137\/revisions\/629"}],"wp:attachment":[{"href":"https:\/\/newsite.fit-kid.pl\/index.php?rest_route=%2Fwp%2Fv2%2Fmedia&parent=137"}],"curies":[{"name":"wp","href":"https:\/\/api.w.org\/{rel}","templated":true}]}}